 Calculate the highest common factor of 48 and s.
4
Let b(o) = 168*o**2 + 17*o + 16. Let i be b(-1). Suppose i*t + 120 = 175*t. Calculate the highest common divisor of t and 45.
15
Suppose -501*k + 1260 = -480*k. What is the highest common divisor of 264 and k?
12
Let g = -3337 - -5038. Calculate the greatest common factor of g and 105.
21
Suppose -47*h = 18*h - 233935. Calculate the greatest common divisor of 118 and h.
59
Suppose 0 = 361*o - 428*o + 17755. What is the greatest common factor of 130 and o?
5
Let g = 76 + -74. Suppose g*b = -289 - 235. Let n be b/(-3) + 13/((-195)/(-10)). What is the highest common divisor of n and 11?
11
Suppose 2*j = 5*j - 1431. Let x = j - 274. Suppose 779 = 4*c - n, 2*c - x - 185 = 2*n. Calculate the greatest common divisor of c and 13.
13
Let d(s) = -s**2 + 34*s + 8. Suppose -75 + 243 = -3*y. Let q = y + 82. Let f be d(q). Calculate the highest common factor of f and 27.
27
Let m be (-6)/(660/(-28730)) - (-4)/(-22). What is the highest common divisor of m and 45?
9
Let j(c) = 6*c - 39. Let l(o) = -6*o + 39. Let m(g) = 3*j(g) + 2*l(g). Let v be m(6). Let w be (8 - 5)*(-2)/v. What is the greatest common divisor of 20 and w?
2
Let n(t) = t**3 + 9*t**2 - 8*t + 9. Let y(x) = x**3 + 12*x**2 - 15*x - 35. Let b be y(-13). Let j be n(b). What is the highest common factor of 3 and j?
3
Suppose 3*h = -2*h + 10. Let c be -2 + -8 + 6 + 11. What is the greatest common factor of h and c?
1
Let f = -80450 + 80477. Let w be (-14098)/(-18) + (-4)/18. What is the highest common divisor of w and f?
27
Let m(c) = 11*c**2 + 178*c + 18. Let o be m(-20). Calculate the highest common divisor of 33 and o.
33
Suppose -32 = -2*i + 4*u, -2*i = -0*u + u - 27. Let p = i + -8. Suppose p*l - 8 - 34 = 0. What is the greatest common factor of 77 and l?
7
Let v be (-42)/2*((-104)/(-12) - 9). Suppose 6*a = 3*a - 2*u + 7, -v = 3*a - 5*u. Calculate the highest common divisor of a and 13.
1
Suppose 5 = -2*v - 93. Suppose 75*t = 79*t - 436. Let r = v + t. Calculate the greatest common factor of 12 and r.
12
Suppose 5*r - n - 21 = 0, -2*r + 7*n = 4*n - 11. Let w = r - 6. Let c be (-696)/(-290)*-5*w/3. Calculate the highest common divisor of 8 and c.
8
Suppose 7881 = 160*b - 49*b. What is the greatest common factor of 6816 and b?
71
Suppose 411 = 5*a - 3*d, -342 = -4*a + 436*d - 438*d. What is the greatest common divisor of 4256 and a?
28
Let o = 12476 + -12378. Calculate the greatest common divisor of o and 2506.
14
Suppose -5*h - f = 2*f - 21, -3*h - 3*f + 15 = 0. Let r be 2 + ((-1)/1)/((-2)/(-386)). Let b = r + 212. Calculate the greatest common factor of b and h.
3
Suppose u - 295 = 5*n, -n + 2*n = u - 323. Suppose 5*f + l = 152, 4*f = -l - 2*l + 126. Calculate the greatest common divisor of u and f.
30
Let d = -720 - -686. Let h be (d + 32)*1274/(-4). Calculate the highest common divisor of h and 49.
49
Let b be ((-68)/(-306))/((-1)/(-9)). Suppose -4*u + 3*c = u - 29, -b*c - 22 = -4*u. Let a = 34 + -22. What is the highest common factor of u and a?
4
Let o be 5 - (0 + (-756)/15 - (-351)/(-585)). Calculate the highest common divisor of o and 6006.
14
Suppose -15*l - 22*l = -49*l + 1620. Calculate the highest common factor of l and 432.
27
Suppose 38*g + 41076 = 66*g. Suppose 4*h - g = n + 1657, -3124 = -4*h + 5*n. What is the greatest common factor of h and 71?
71
Suppose 4*j - 22 = o, -15*o = -13*o + 4*j + 80. Let m(v) = -v**2 - 43*v - 191. Let h be m(o). Calculate the greatest common divisor of 15 and h.
5
Suppose -139*d + 4240 = -5579 + 2313. What is the greatest common divisor of d and 4464?
18
Let u be (-32)/2*3588/(-78). Calculate the greatest common divisor of 23 and u.
23
Let x(u) = -u**2 - 12*u + 43. Let p be x(-14). Suppose 0 = -2*t + 4*n + 4, -4*n + 4 = -p*t + 17*t. Calculate the highest common divisor of 49 and t.
1
Let x be (-4)/(48/(-9))*-1*-4. What is the greatest common factor of x and 591?
3
Let d = 4 - -9. Let a be -25*(-5)/(100/4). Suppose a*s - d*s = -48. What is the greatest common factor of s and 9?
3
Let b(g) = -g**3 + 3*g**2 + 6. Let o = -457 - -454. Let q be b(o). What is the highest common divisor of 140 and q?
20
Let n(b) = b**2 + 20*b - 41. Let t = -34 + 38. Let j(z) = z**3 - 6*z**2 + 2*z + 2. Let g be j(t). Let v be n(g). What is the greatest common factor of 15 and v?
3
Let i = 36442 + -36410. Let n(k) = -k**3 + 5*k**2 - 2*k - 4. Let z be n(4). What is the highest common divisor of z and i?
4
Suppose -4*m - 4*q = 0, 2*m + 2*q + 2*q = -6. Suppose v + 80 = 5*c, -4*c - m*v + 60 = c. Calculate the greatest common divisor of 240 and c.
15
Let w = 54 + 214. Suppose -2*f + w - 30 = 0. Suppose 4 = -4*m + 4*t + 20, -45 = -4*t + 7. What is the greatest common factor of f and m?
17
Let t be (2 + (-1)/(-1))*1. Suppose t*o = -3*s + 492, 5*s + 0*s + 4*o - 816 = 0. What is the highest common factor of s and 192?
32
Let d(m) = 30*m + 4835. Let o be d(-161). What is the highest common divisor of 22 and o?
1
Let h(o) = -o**2 + 6*o + 429. Let p be h(0). Let m be (-32 - -28) + p + 1. Calculate the greatest common factor of m and 6.
6
Suppose -497 = 5*a + 213. Let p = -117 - a. Suppose -n = -6*n + p. Calculate the highest common divisor of n and 20.
5
Suppose 4*l - 3748 = -4*p - 1440, -3435 = -6*p + 3*l. Calculate the highest common divisor of p and 560.
14
Suppose 23*r + 3591 = 80*r. Calculate the greatest common divisor of r and 9429.
21
Let k be 0/(-1*10/5). Suppose 4*u - 246 - 14 = k. Let d = -15 + u. Calculate the highest common factor of d and 20.
10
Let n = 108 + -70. Let m = n - 30. Suppose -3*f - 210 = -m*f. What is the greatest common divisor of f and 14?
14
Suppose -17*u + 1292 + 435 = 350. Calculate the greatest common factor of 2817 and u.
9
Suppose 2 = 8*l - 46. Suppose 0 = 7*n - 950 - 268. Calculate the greatest common factor of n and l.
6
Let j be -502*3/(-3) - 2. Let t(k) = 2*k**2 - 49*k + 174. Let n be t(4). Calculate the highest common divisor of n and j.
10
Let b(m) = 3*m + 64. Let f = -141 - -121. Let j be b(f). Calculate the highest common divisor of j and 32.
4
Suppose -238647 = 56*d - 1109559. Calculate the highest common divisor of 768 and d.
192
Suppose -8*x + 10*x - 133 = 5*n, -4*x = 2*n - 254. Calculate the highest common divisor of 112 and x.
16
Let g(j) = 18*j**3 - 2*j**2 + 4*j. Let u be g(-3). Let c = -361 - u. Calculate the greatest common divisor of 62 and c.
31
Let w(y) = 142*y**2 + 38*y - 74. Let c be w(2). Let z = 15 + 75. What is the highest common divisor of z and c?
30
Let o be 200/15 + -4 + 84/18. Suppose o*l - 2620 - 1244 = 0. Calculate the greatest common factor of l and 24.
12
Suppose 311 = 4*q + 39. Let g = -76 + q. Let y be ((-42)/g + 1)/((-11)/(-132)). What is the highest common factor of y and 15?
15
Let w(r) = 3*r + 2. Let x be w(6). Suppose 0 = -4*h + 16*q - x*q + 436, -3*h - 5*q + 321 = 0. What is the highest common factor of h and 48?
16
Let p be 9 - 13 - -1*1. Let n(j) = -39*j - 6. Let k(q) = -2*q. Let u(s) = -k(s) + n(s). Let r be u(p). Calculate the greatest common divisor of 15 and r.
15
Suppose -m - 170904 = -5*j, 175*j - 173*j - 68352 = 2*m. What is the highest common factor of j and 162?
162
Suppose 15*d = 13*d. Let b be 6/(-18)*d/2. Let r(i) = 3*i + 84. Let n be r(b). Calculate the highest common divisor of n and 21.
21
Let i(k) = -2*k**3 + 19*k**2 - 15*k + 136. Let q be i(9). Calculate the highest common factor of 1394 and q.
82
Let g = -12160 - -12344. Calculate the greatest common divisor of g and 496.
8
Suppose -36*u - 35*u - 17*u + 880 = 0. Calculate the highest common divisor of u and 445.
5
Let f(l) = 6*l**2 - 2*l - 13. Let x be f(5). Let t = x - 127. Suppose t = 14*o - 19*o + 45. What is the greatest common factor of 1 and o?
1
Let k = -5675 - -5683. What is the greatest common divisor of k and 972?
4
Suppose 2*j = j + 22. Suppose 690 = m - 2*w, 1937*m - 1376 = 1935*m + 3*w. Calculate the greatest common divisor of j and m.
22
Suppose 3*w + n - 13 = 0, 1 = 3*n - 11. Suppose 2*q + 0*b - b - 28 = 0, 4*b = -w*q + 64. What is the greatest common divisor of 136 and q?
8
Let d = -158 + 58. Let b = d + 111. What is the greatest common divisor of b and 55?
11
Suppose -166 + 625 = 17*d. Calculate the highest common factor of 6183 and d.
27
Let u(h) = -h - 2. Let c be u(-2).